7.
1657
What are the prime factors of 3287?
19, 173
List the prime factors of 9848.
2, 1231
List the prime factors of 2713.
2713
What are the prime factors of 82339?
82339
List the prime factors of 2307.
3, 769
What are the prime factors of 2097?
3, 233
List the prime factors of 311.
311
List the prime factors of 2380.
2, 5, 7, 17
What are the prime factors of 1739?
37, 47
What are the prime factors of 450?
2, 3, 5
List the prime factors of 44247.
3, 7, 43
List the prime factors of 690.
2, 3, 5, 23
What are the prime factors of 19810?
2, 5, 7, 283
List the prime factors of 11326.
2, 7, 809
What are the prime factors of 5851?
5851
What are the prime factors of 1627?
1627
List the prime factors of 138128.
2, 89, 97
What are the prime factors of 7908?
2, 3, 659
What are the prime factors of 69223?
7, 11, 29, 31
List the prime factors of 5240.
2, 5, 131
What are the prime factors of 1496?
2, 11, 17
What are the prime factors of 5857?
5857
What are the prime factors of 23446?
2, 19, 617
List the prime factors of 1522.
2, 761
What are the prime factors of 482?
2, 241
What are the prime factors of 840?
2, 3, 5, 7
List the prime factors of 130083.
3, 131, 331
List the prime factors of 189.
3, 7
What are the prime factors of 6693?
3, 23, 97
What are the prime factors of 386?
2, 193
List the prime factors of 2445.
3, 5, 163
List the prime factors of 50938.
2, 25469
What are the prime factors of 593?
593
List the prime factors of 45977.
23, 1999
What are the prime factors of 21272?
2, 2659
What are the prime factors of 3539?
3539
List the prime factors of 10432.
2, 163
List the prime factors of 2187.
3
What are the prime factors of 43327?
37, 1171
What are the prime factors of 114760?
2, 5, 19, 151
What are the prime factors of 1158?
2, 3, 193
List the prime factors of 37204.
2, 71, 131
List the prime factors of 641.
641
What are the prime factors of 18138?
2, 3, 3023
List the prime factors of 807.
3, 269
List the prime factors of 5832.
2, 3
List the prime factors of 14845.
5, 2969
List the prime factors of 11904.
2, 3, 31
List the prime factors of 731.
17, 43
List the prime factors of 4054.
2, 2027
List the prime factors of 4199.
13, 17, 19
What are the prime factors of 833?
7, 17
What are the prime factors of 3032?
2, 379
What are the prime factors of 579?
3, 193
List the prime factors of 2489.
19, 131
List the prime factors of 26787.
3, 8929
List the prime factors of 10328.
2, 1291
List the prime factors of 17767.
109, 163
What are the prime factors of 946?
2, 11, 43
What are the prime factors of 117856?
2, 29, 127
What are the prime factors of 4375?
5, 7
List the prime factors of 62650.
2, 5, 7, 179
What are the prime factors of 10474?
2, 5237
What are the prime factors of 4161?
3, 19, 73
What are the prime factors of 3529?
3529
List the prime factors of 1210.
2, 5, 11
What are the prime factors of 1293?
3, 431
What are the prime factors of 925?
5, 37
What are the prime factors of 37688?
2, 7, 673
What are the prime factors of 44583?
3, 7, 11, 193
What are the prime factors of 1359?
3, 151
What are the prime factors of 791?
7, 113
What are the prime factors of 3610?
2, 5, 19
List the prime factors of 8076.
2, 3, 673
What are the prime factors of 181235?
5, 67, 541
What are the prime factors of 11?
11
What are the prime factors of 1972?
2, 17, 29
What are the prime factors of 6538?
2, 7, 467
List the prime factors of 590.
2, 5, 59
List the prime factors of 296.
2, 37
List the prime factors of 20355.
3, 5, 23, 59
List the prime factors of 24503.
107, 229
List the prime factors of 45250.
2, 5, 181
What are the prime factors of 3701?
3701
What are the prime factors of 1255?
5, 251
What are the prime factors of 180?
2, 3, 5
What are the prime factors of 54530?
2, 5, 7, 19, 41
What are the prime factors of 5001?
3, 1667
List the prime factors of 10858.
2, 61, 89
List the prime factors of 744.
2, 3, 31
List the prime factors of 1293.
3, 431
List the prime factors of 64059.
3, 131, 163
List the prime factors of 1181.
1181
What are the prime factors of 1354?
2, 677
What are the prime factors of 12196?
2, 3049
What are the prime factors of 3270?
2, 3, 5, 109
What are the prime factors of 4262?
2, 2131
What are the prime factors of 4158?
2, 3, 7, 11
What are the prime factors of 1276?
2, 11, 29
List the prime factors of 38157.
3, 7, 23, 79
List the prime factors of 239.
239
What are the prime factors of 5244?
2, 3, 19, 23
What are the prime factors of 108897?
3, 36299
List the prime factors of 2288.
2, 11, 13
List the prime factors of 31093.
17, 31, 59
List the prime factors of 383.
383
What are the prime factors of 8112?
2, 3, 13
What are the prime factors of 61302?
2, 3, 17, 601
List the prime factors of 1064.
2, 7, 19
What are the prime factors of 1256?
2, 157
List the prime factors of 7541.
7541
List the prime factors of 22121.
11, 2011
What are the prime factors of 4178?
2, 2089
What are the prime factors of 37631?
11, 311
List the prime factors of 812.
2, 7, 29
List the prime factors of 12361.
47, 263
List the prime factors of 34096.
2, 2131
What are the prime factors of 92520?
2, 3, 5, 257
What are the prime factors of 13499?
13499
List the prime factors of 24307.
109, 223
List the prime factors of 19607.
7, 2801
What are the prime factors of 1320?
2, 3, 5, 11
List the prime factors of 1527.
3, 509
What are the prime factors of 144?
2, 3
What are the prime factors of 1934?
2, 967
List the prime factors of 17941.
7, 11, 233
What are the prime factors of 85961?
67, 1283
List the prime factors of 30453.
3, 10151
What are the prime factors of 2218?
2, 1109
List the prime factors of 1726.
2, 863
What are the prime factors of 1979?
1979
List the prime factors of 576.
2, 3
List the prime factors of 982.
2, 491
List the prime factors of 6286.
2, 7, 449
List the prime factors of 6328.
2, 7, 113
List the prime factors of 3769.
3769
List the prime factors of 94904.
2, 11863
List the prime factors of 358.
2, 179
List the prime factors of 10093.
10093
What are the prime factors of 124183?
124183
What are the prime factors of 11123?
7, 227
List the prime factors of 1192.
2, 149
List the prime factors of 7721.
7, 1103
What are the prime factors of 9531?
3, 353
List the prime factors of 894.
2, 3, 149
List the prime factors of 1334.
2, 23, 29
List the prime factors of 2589.
3, 863
List the prime factors of 49143.
3, 16381
What are the prime factors of 157628?
2, 157, 251
What are the prime factors of 168?
2, 3, 7
List the prime factors of 267.
3, 89
What are the prime factors of 76?
2, 19
List the prime factors of 21216.
2, 3, 13, 17
What are the prime factors of 9325?
5, 373
List the prime factors of 14518.
2, 7, 17, 61
What are the prime factors of 1080?
2, 3, 5
List the prime factors of 45571.
199, 229
What are the prime factors of 10463?
10463
What are the prime factors of 20799?
3, 2311
What are the prime factors of 794?
2, 397
What are the prime factors of 56?
2, 7
What are the prime factors of 283?
283
List the prime factors of 17740.
2, 5, 887
List the prime factors of 13799.
13799
What are the prime factors of 3363?
3, 19, 59
What are the prime factors of 16649?
16649
What are the prime factors of 3239?
41, 79
What are the prime factors of 19615?
5, 3923
What are the prime factors of 2969?
2969
List the prime factors of 120267.
3, 7, 23, 83
What are the prime factors of 24699?
3, 8233
What are the prime factors of 70180?
2, 5, 11, 29
List the prime factors of 907.
907
What are the prime factors of 25951?
25951
What are the prime factors of 17166?
2, 3, 2861
List the prime factors of 453.
3, 151
List the prime factors of 11444.
2, 2861
What are the prime factors of 14898?
2, 3, 13, 191
What are the prime factors of 7783?
43, 181
What are the prime factors of 5415?
3, 5, 19
List the prime factors of 3105.
3, 5, 23
What are the prime factors of 3551?
53, 67
List the prime factors of 11317.
11317
What are the prime factors of 10?
2, 5
What are the prime factors of 2561?
13, 197
List the prime factors of 1923.
3, 641
List the prime factors of 95299.
157, 607
List the prime factors of 1504.
2, 47
What are the prime factors of 1650?
2, 3, 5, 11
What are the prime factors of 23635?
5, 29, 163
List the prime factors of 20726.
2, 43, 241
What are the prime factors o